he remainder when z is divided by 59?
40
Let a(x) = -13*x + 22. Let k be a(-6). Let r = -31 + k. Suppose -2*g - r = -6*g - c, 0 = -3*c - 9. What is the remainder when g is divided by 7?
4
Let q = 28 + -4. Let m(p) = -2*p**2 - 58*p - 54. Let f be m(-28). Suppose -213 = -5*o + f*o. What is the remainder when o is divided by q?
23
Let k = 23846 + -23675. What is the remainder when 618 is divided by k?
105
Suppose -5*d + 5*r + 45 = -50, -2*d - 5*r = -17. Suppose 0 = 4*u - 3*t - 126, 2*u + 2*u + t - 134 = 0. What is the remainder when u is divided by d?
1
Suppose -5*s = -2*v - 125, -2*v + 4*s + 41 - 165 = 0. Calculate the remainder when 294 is divided by (-24)/8 - 2*v/4.
24
Suppose -36*k - 163 = -39*k + 4*i, -5*k - 3*i = -291. Calculate the remainder when 261 is divided by k.
33
Suppose 0 = 2377*q - 2400*q + 1380. Calculate the remainder when 419 is divided by q.
59
Let b(v) = 4*v**2 + 2*v + 3. Let a(d) = 309*d + 626. What is the remainder when b(-2) is divided by a(-2)?
7
Suppose -12*w + 166 = -290. Calculate the remainder when 81 is divided by (297/(-44))/(2 - w/16).
9
Let b = -502 - -505. Suppose -b + 15 = 2*c + 4*q, 0 = c + 3*q - 2. What is the remainder when 44 is divided by c?
2
Suppose i - 133 = -5*n, -3*n + 59 = i - 20. Let q(p) = p**2 + 2*p - 4. Calculate the remainder when n is divided by q(-5).
5
Let v(z) = -8*z**2 + 3*z - 9. Let l be v(7). What is the remainder when -100 + 100 + 157/2*2 is divided by 1/(l/128 - -3)?
29
Let c(q) = q + 13. Let s be c(-10). Suppose 2*h = -s*h - 2*p + 893, h - 165 = 3*p. Let l = h - 88. What is the remainder when l is divided by 45?
44
Suppose 0 = t + v - 32, 5*t + 5*v - 4*v - 140 = 0. Let s(r) = r**2 - 25*r - 42. What is the remainder when 359 is divided by s(t)?
11
Suppose 128583 = 148*a - 1820577. Calculate the remainder when a is divided by 14.
10
Let b(d) = -17*d + 2. Let n be b(-2). Suppose 5*t - 84 = -3*c, -t + n = t + 2*c. Suppose -4*h - 42 = -11*h. What is the remainder when t is divided by h?
3
Suppose -x - 1729 = -2*f, -x + 644 = 4*f - 2823. Calculate the remainder when f is divided by 7.
5
Suppose 148*j - 527624 = -527032. Let b(f) = -f**2 - f + 16. What is the remainder when b(0) is divided by j?
0
Let h(i) = 3*i + 6. Let p(l) = l**2 + 33*l + 225. Let s be p(-24). What is the remainder when 113 is divided by h(s)?
14
Suppose -24*z - 211 = -1418 - 689. Calculate the remainder when 358 is divided by z.
42
Suppose 4*h - 9835 = -b, -107*b - 7359 = -3*h - 102*b. Calculate the remainder when h is divided by 16.
10
Let w(t) = 535*t**2 - 180*t - 29. Calculate the remainder when w(-3) is divided by 55.
46
Let y(z) = z**2 - 15*z - 39. What is the remainder when 207 is divided by y(-3)?
12
Suppose 4*l - 2*u + 529 = -1757, 4*u - 12 = 0. Calculate the remainder when 186 is divided by (l/4)/((-42)/28).
91
Let i = 75 - 52. Calculate the remainder when i is divided by (5/(-5))/(3 + -2)*-13.
10
Suppose -1754 = 5*r - 4869. Suppose -9*w + r = 74. Let a = -11 + w. Calculate the remainder when a is divided by 13.
11
Let x(t) be the third derivative of -5*t**4/12 - 83*t**3/3 - 20*t**2. Calculate the remainder when 365 is divided by x(-17).
1
What is the remainder when ((-3)/13)/(-3) + (-69415)/(-715)*11 is divided by 1062?
6
Let k(s) = 117 + s**2 - 6*s + 109 - 215. Suppose 2*z - 4*z = -16. Calculate the remainder when k(z) is divided by 7.
6
Suppose -9*k + 1443 = -1761. Suppose k*g + 332 = 358*g. Calculate the remainder when g is divided by 13.
10
Let g = -68 + 301. Suppose g - 56 = 3*t. Calculate the remainder when 133 is divided by t.
15
Let f(h) = -2*h**3 - 85*h**2 - 43*h - 19. What is the remainder when 292 is divided by f(-42)?
16
Suppose 33*q = 11*q + 968. Suppose 4*i - 592 = -42*d + q*d, -4*i - 3*d = -592. What is the remainder when i is divided by 40?
28
Let n(j) = j**3 + 7*j**2 + 3*j + 4. Let v be n(-5). Let h = -31 + v. What is the remainder when 54 is divided by h?
6
Suppose 2*g + 128 = 436. Suppose 0 = 8*o - g - 182. What is the remainder when o is divided by 15?
12
Suppose -3*v = y - 4*v - 15, -3*v = 5*y - 75. Suppose 47*q - 1798 = 16*q. Calculate the remainder when q is divided by y.
13
Suppose 3*t - 3*j + 26 = 113, 2*t - 59 = j. Calculate the remainder when 225 is divided by t.
15
Calculate the remainder when ((-2)/(-8))/(28/168112) - (-14)/2 is divided by 108.
104
Let h(g) be the second derivative of g**4/12 + 7*g**3/6 - 27*g**2/2 + 69*g + 1. What is the remainder when 1300 is divided by h(-15)?
91
Let a = 121 + -21. What is the remainder when a is divided by (-4 - -1)/(((-28)/(-10))/(-14))?
10
Let t(g) be the first derivative of 5*g**3/3 + 15*g**2/2 + 63*g - 15. Calculate the remainder when t(-5) is divided by 36.
5
Suppose 52*j - 115*j + 85*j - 3608 = 0. What is the remainder when j is divided by 7?
3
Let t(g) = 3*g + 113. Let u be t(-37). Suppose -u*q = 5*w - 108, -4*w = q - 0*q - 57. What is the remainder when 110 is divided by q?
12
Let z(g) = -8*g + 11. Let q be z(-1). Suppose -6*m + 73 - q = 0. Let a(k) = -k + 71. What is the remainder when a(0) is divided by m?
8
Suppose -10*u + 150 = 3*l - 9*u + 4*u, 0 = 3*u. What is the remainder when 147 is divided by l?
47
Suppose -13*t + 35*t = 814. Suppose -t*z = -27*z - 200. What is the remainder when 50 is divided by z?
10
Let i(z) = 80*z - 482. What is the remainder when 372 is divided by i(7)?
60
Suppose 0 = -k - 3*y - 1, y - 28 = -5*k - 19. Suppose -309 = -q - k*r + 45, -3*q = r - 1062. Calculate the remainder when q is divided by 51.
48
Suppose 57 - 207 = -3*n. Suppose -127288 = 22*c - 129378. Calculate the remainder when c is divided by n.
45
Calculate the remainder when 195 is divided by 13/234*711 - (-2)/4.
35
Suppose 25*k - 26*k + 74 = p, 5*p = 5*k + 400. Calculate the remainder when 604 is divided by p.
65
Suppose 247*f - 106575 = 2*f. What is the remainder when f is divided by 9?
3
Suppose 5 = -5*q, 6*z - 7*z = 2*q - 41. Let o(g) = -10*g + 20. Calculate the remainder when o(-15) is divided by z.
41
Let o = -49 - -60. Let t = o - 1. Calculate the remainder when (-4)/(-6)*459/18 - -1 is divided by t.
8
Suppose 3*a = 2*a - 3*m + 13, 4*m = 4*a - 36. Suppose -4*u - 103 = -7*u + 4*n, u = -4*n + 45. Calculate the remainder when u is divided by a.
7
Suppose -3*l - 46*p + 5430 = -49*p, l + 4*p - 1785 = 0. What is the remainder when l is divided by 42?
41
Suppose 26 = 5*o - t + 4, 0 = -2*t - 4. Suppose h - 19 = k - 31, 0 = -h - 4. Calculate the remainder when k is divided by o.
0
Suppose -165 = 6*p + 99. Let f(t) = -t**3 - 8*t**2 - 9*t - 4. Let n be f(-8). Let s = p + n. What is the remainder when 69 is divided by s?
21
Let x(s) = -2*s**3 - 16*s**2 - 24*s - 182. Let j(k) = -33*k. Calculate the remainder when j(-9) is divided by x(-8).
7
Let y be ((-6)/9)/((-10)/1545). Suppose -4*a = -4*h - 9*a - 464, -h + 2*a = y. Let x = h + 130. Calculate the remainder when 36 is divided by x.
17
Suppose 13*q - 2109 = -6*q. Let k = -40 + q. What is the remainder when k is divided by 36 + 2/(-2) - -2?
34
Suppose -13*l = -87*l + 5476. Suppose 18*w + l = 182. Suppose 4*t = 36 + 20. What is the remainder when t is divided by w?
2
Suppose k - q - 7 = 0, 4*k - 60 = -9*q + 5*q. Suppose -16*m - k = -827. Calculate the remainder when 101 is divided by m.
50
Let r = -1509 - -1528. Calculate the remainder when 685 is divided by r.
1
Let u(l) = 3*l - 49. Let a(j) be the first derivative of -j**2 + 33*j + 17. Let n(q) = -7*a(q) - 5*u(q). What is the remainder when 38 is divided by n(-8)?
16
Suppose -322*s + 2913 = -319*s - h, 4*s + 2*h - 3874 = 0. Calculate the remainder when s is divided by 9.
7
Let c(l) = 2*l**2 - 18*l + 30. Let d = 33 + -23. What is the remainder when c(d) is divided by 27?
23
Let z(q) = -206*q - 31. Let f(n) = -622*n - 92. Let c(t) = -6*f(t) + 20*z(t). Calculate the remainder when c(-1) is divided by 108.
104
Let b(i) = i**3 - 16*i**2 - 12*i - 38. Let c = -52 + 69. Suppose 5*j - 100 = -3*y, -3*y + 33 = -5*j - 17. What is the remainder when b(c) is divided by y?
22
Let l = -11598 - -12275. Calculate the remainder when l is divided by 20.
17
Suppose -3130 = -6*p - 2686. What is the remainder when 1625 is divided by p?
71
Suppose k - 3965 = -s, 0 = -3*s + 145*k - 142*k + 11859. What is the remainder when s is divided by 180?
179
Suppose -d + 5*d + 4*u + 13